 = 893. Calculate the remainder when m is divided by 277.
55
Let t(i) = 5*i**2 + 32. Let m be t(-7). Suppose 7*o = m + 360. Calculate the remainder when o is divided by 8.
3
Let f(i) = 4*i - 1. Let s be f(9). Suppose 2*l - s = -3*l. What is the remainder when 61 is divided by l?
5
Let y be 185*(-21)/(-70)*(-4)/6. What is the remainder when 128 is divided by (-1591)/y + (-4)/((-6)/3)?
38
Suppose -1422 = -2*i + 2*h, 25*h - 27*h - 707 = -i. What is the remainder when i is divided by 252?
211
Suppose 8 = 4*b + 3*g, -47 = b + 4*g - 23. Suppose -d - 3 + 1 = 2*l, 0 = 3*d + 2*l - 6. Calculate the remainder when b is divided by d.
0
Suppose 7058 + 4570 = 76*g. Calculate the remainder when 610 is divided by g.
151
Suppose 5*u = -5*t + 1405, -39*u = 4*t - 45*u - 1014. Let k = -99 - -190. What is the remainder when t is divided by k?
88
Suppose -2*s - 602 = -4*s. Suppose -5*b + s = 4*m, 0*b - 37 = -b + 5*m. Let o = 34 + -19. What is the remainder when b is divided by o?
12
Suppose -5*t + 64 = -m - 312, -t + 68 = m. What is the remainder when 901 is divided by t?
13
What is the remainder when (4020/(-469))/((-7)/(686/6)) is divided by 44?
8
Let c(b) = -7941*b - 7870. Calculate the remainder when c(-1) is divided by (6/(-8))/(1/(-16)).
11
Suppose -3*t + 104 = t. Suppose 123*v - 2746 = 1313. Calculate the remainder when v is divided by t.
7
Suppose 93*p - 11044 = 1511. Let m(s) = 2*s**2 - 9*s. Suppose 3*o = -2*n + 15, 22 = -3*o + 7*o + 2*n. Calculate the remainder when p is divided by m(o).
30
Suppose -42*t + 469 = -1846 - 205. Calculate the remainder when t is divided by ((-5)/(-3))/((-2)/(-12)).
0
Let w(d) = -19*d + 2808. Calculate the remainder when w(37) is divided by 34.
31
Suppose -1863*o = -1843*o - 740. Calculate the remainder when o is divided by 12.
1
Suppose i - 10*v = -7*v + 75, 5*v + 151 = 2*i. Let z = i + -70. Calculate the remainder when z is divided by 2.
0
Let y(a) = 63*a + 4. Let w be y(2). Let b be 4/10 + (w/25)/2. Suppose b*n - 220 = -31. What is the remainder when n is divided by 22?
19
Let r(n) = -n**3 - 20*n**2 + 30*n + 536. Calculate the remainder when 2440 is divided by r(-21).
11
Let c(y) = 4*y**2 - 2. Let b be c(1). Suppose -v - b*m + 7 = 1, -16 = -v + 3*m. Let g = 11 + -8. Calculate the remainder when v is divided by g.
1
Let n = -6798 + 6933. What is the remainder when 339 is divided by n?
69
Let j(m) = 8*m**2 + 331*m + 4359. What is the remainder when j(-13) is divided by 175?
8
Let b(r) = 1008*r - 64450. Suppose -3*s + 39 = -3*p, -4*p = s + 4*s - 20. Calculate the remainder when b(64) is divided by s.
6
Let i = 916 + -916. Suppose 4*o + 4*s + 5 - 29 = i, -5*o + 36 = 3*s. Calculate the remainder when 374 is divided by o.
5
Let x = -87 + 185. Let t be 7*7 + 572/(-143). Let w = x - t. Calculate the remainder when w is divided by 18.
17
Let q(b) be the second derivative of -b**4/4 - 55*b**3/6 - b**2 + 97*b. Calculate the remainder when 111 is divided by q(-18).
15
Let u = 24056 - 15132. Calculate the remainder when u is divided by 15.
14
Suppose 3*f = -f - 2*q + 346, -2*f + 3*q = -193. Calculate the remainder when f is divided by (5 + -6)*-16 - -12.
5
Let u = -7361 + 7454. Calculate the remainder when 507 is divided by u.
42
Let o(s) = -2*s**3 - 178*s**2 - 184*s - 648. Suppose -1359 = -5*k + 3*f, 3*k - 239 = f + 574. What is the remainder when k is divided by o(-88)?
46
Suppose -41*j + 660 = -107*j. Let s = -26 + 62. What is the remainder when 47 is divided by (5/(50/s))/((-3)/j)?
11
Let g(o) = 26*o**2 - 8*o + 1. Let w be g(-1). Suppose 16*k + w = 2291. What is the remainder when k is divided by 48?
45
Suppose 14*z - 90 - 106 = 0. Suppose 30 = 3*k + w, 12*k - 13*k = -w - z. What is the remainder when 115 is divided by k?
5
Let r(w) = 2*w**2 + 5*w + 7. Let z be (-3 + 1)/(2/3). Suppose 9*u = -233 + 566. Calculate the remainder when u is divided by r(z).
7
Suppose -4*a + 280 = -u + 43, 2*u - 57 = -a. Let t(v) = -v**3 + 7*v**2 + 98*v + 4. Calculate the remainder when a is divided by t(-7).
3
Let t(i) = 10*i**3 + 4*i**2 + 24*i - 249. Calculate the remainder when t(7) is divided by 197.
196
Suppose 11*i = 7*i + 24. Let d = 65 + -62. What is the remainder when 33 is divided by 32/2 - d/i*-2?
16
Suppose 0 = -2*s - 2*w - w - 13, -14 = 2*w. What is the remainder when 4619 is divided by s?
3
Suppose -3*k - 991 = -5*r, -3*r + 2*k - 20 + 614 = 0. Let z(c) = 2*c**2 - 1023*c + 4111. Calculate the remainder when r is divided by z(4).
47
Suppose 35 - 39 = -2*g. Suppose 2*f + 4 = -g*f. Let h = f + 24. Calculate the remainder when 89 is divided by h.
20
Suppose -7*k + 2*k - 5*l = -10, 0 = -3*l + 9. Let v(o) = -9*o + 105. Let z be v(8). What is the remainder when 2/1 - z/k is divided by 19?
16
Let f be ((-1)/(-2))/(25/(-350)). Calculate the remainder when (-572)/f - (-1 - 5/(-7)) is divided by 31.
20
Suppose 3*n - 717 = -2*i, -4*i = 5*n - 3*i - 1188. What is the remainder when n is divided by 46?
7
Let w = -2959 + 4021. What is the remainder when w is divided by 5?
2
Let g = 6315 + -6053. What is the remainder when g is divided by 6?
4
Let m(h) = 6*h**2 - 52*h + 22. Let q be m(14). Let f = -353 + q. What is the remainder when f is divided by 30?
27
Let p = 1746 + -1747. Suppose 6 = -3*f + 4*a, -3*f - 4*a - 7 - 23 = 0. What is the remainder when 46 is divided by p/(-2) - 75/f?
7
Suppose -4*y = 5*x - 656, -116 = -x + 3*y - 0*y. Calculate the remainder when x is divided by 4/(-8)*(-52)/(-3)*(-420)/56.
63
Let c = 162 - 77. Let n = 96 - c. What is the remainder when 21 + 3 + -1 + -2 is divided by n?
10
Suppose -2*b = -2*x + 2, -3*x + 35 = 20*b - 15*b. What is the remainder when 79 is divided by 3/b - 0 - 375/(-12)?
15
Suppose -5*p - 6*x = -12580, -5*p = 2*x - 16678 + 4098. What is the remainder when p is divided by 9?
5
Let r(u) = 15*u**2 + 462*u - 87. Calculate the remainder when 741 is divided by r(-31).
3
Suppose 32 = 2*v - 3*x, 11*v - 57 = 6*v - 4*x. Suppose -5 - 394 = -7*b. Calculate the remainder when b is divided by v.
5
Suppose 30*k + 18 = 36*k. Suppose -2*z - 6*j = -9*j - 20, -k*j - 12 = 0. Calculate the remainder when 98 is divided by ((z - -12) + 4)*1.
18
Suppose -94*k = -19*k + 549 - 2649. Let f = 11 - -68. What is the remainder when f is divided by k?
23
Let k(v) = -6*v + 19*v**2 + 3*v**3 - 4*v**3 - 5*v - 10 - 6*v**2. Let b be k(12). What is the remainder when (0 - 68/b)/(0 + -1) is divided by 7?
6
Let q = 361 + -254. What is the remainder when 331 is divided by q?
10
Let v(w) = 4*w**2 - 169*w - 1903. Calculate the remainder when v(-10) is divided by 97.
90
Let g(b) = 6*b**2 - 150*b - 732. What is the remainder when 368 is divided by g(-5)?
32
Let n be 86*(8 + -3)*1. Suppose 11*t = t + n. Calculate the remainder when 153 is divided by t.
24
Suppose 3*u + 18 = 0, -156*a + 152*a = -4*u - 216. Calculate the remainder when (144 + -1)/(1 + 0) is divided by a.
47
Suppose -35*q + 34*q + 6 = 0. Suppose 5*m - 46 = -q. What is the remainder when (-97)/(-6) - 9/54 is divided by m?
0
Let g be 4 + 1/(4*4/80). Let r = g - -54. Suppose 0 = d + 3*i - 69, 3*d + 3*i + r - 246 = 0. Calculate the remainder when d is divided by 15.
12
Suppose 151*v = 635768 - 622178. Suppose -a - 198 = -5*x - 5*a, -3*x - 2*a + 120 = 0. What is the remainder when v is divided by x?
6
Let o = -12040 + 12096. What is the remainder when 274 is divided by o?
50
Let l = -20 + 56. Suppose 3*t - 39 = l. Suppose 2*p - 129 = -t. Calculate the remainder when p is divided by 11.
8
Suppose 0 = -130*m - 1094 + 829 + 6765. Calculate the remainder when 342 is divided by m.
42
Let u = -171 - -187. Let n(p) = -p**3 - 14*p**2 + 7*p - 16. Let m be n(-14). Calculate the remainder when 0/(-2) + m/(-2) + 5 is divided by u.
14
Suppose -5 = -3*v + 4*v - 4*c, -v - 10 = c. Let u be ((-6)/v)/(-3*4/(-54)). What is the remainder when -2*u/((-30)/1195) is divided by 40?
39
Suppose -2*n - 10*x = -12*x - 4, -14 = -4*n - 2*x. Let s be (2/(-2))/((-1)/92). Suppose w + n*w = s. Calculate the remainder when w is divided by 6.
5
Suppose -15*r + 480 = -11*r. Calculate the remainder when ((-3)/5)/(-4*2/r) is divided by 8.
1
Let w = 14 - 14. Suppose -2*r = -w*r - 66. Suppose i = 5*l + 14, -i = 3*l - 23 + 1. What is the remainder when r is divided by i?
14
Let w = -156 - -180. Suppose 192 = 28*a - w*a. What is the rem